t the prime factors of 47030037.
3, 15676679
List the prime factors of 520189762.
2, 29, 8968789
List the prime factors of 120914662.
2, 11, 5496121
List the prime factors of 580278372.
2, 3, 4349, 11119
What are the prime factors of 187306626?
2, 3, 13, 2401367
List the prime factors of 564197501.
7, 239, 563, 599
List the prime factors of 94098800.
2, 5, 367, 641
What are the prime factors of 3215854305?
3, 5, 7940381
What are the prime factors of 26994931?
739, 36529
What are the prime factors of 809743122?
2, 3, 271, 55333
What are the prime factors of 803518455?
3, 5, 19, 23, 37, 3313
List the prime factors of 569383295.
5, 13, 17, 515279
List the prime factors of 3121039716.
2, 3, 173, 421, 3571
What are the prime factors of 1990082451?
3, 7, 83, 1141757
What are the prime factors of 223992583?
223992583
List the prime factors of 517096297.
631, 819487
List the prime factors of 68718106.
2, 3797, 9049
What are the prime factors of 129391764?
2, 3, 139, 77573
List the prime factors of 789784663.
47, 16803929
List the prime factors of 1353038432.
2, 17, 2487203
What are the prime factors of 5878095223?
7, 11, 13, 838889
List the prime factors of 3178495910.
2, 5, 3329, 95479
What are the prime factors of 2694481552?
2, 7, 24057871
What are the prime factors of 438115539?
3, 146038513
What are the prime factors of 231018873?
3, 77006291
List the prime factors of 891361661.
29, 79, 229, 1699
List the prime factors of 30302638.
2, 23, 658753
List the prime factors of 182159997.
3, 43, 1412093
What are the prime factors of 33814161?
3, 647, 5807
List the prime factors of 377527988.
2, 94381997
List the prime factors of 945956267.
421, 2246927
List the prime factors of 1533159497.
101, 547, 27751
What are the prime factors of 119767238?
2, 109, 549391
What are the prime factors of 70483673?
13, 19, 461, 619
What are the prime factors of 387899622?
2, 3, 11, 241, 739
List the prime factors of 350100469.
107, 3271967
List the prime factors of 114739889.
11, 10430899
What are the prime factors of 32376288?
2, 3, 7, 48179
List the prime factors of 1845042987.
3, 615014329
What are the prime factors of 41678375?
5, 333427
What are the prime factors of 14797397?
14797397
What are the prime factors of 157510506?
2, 3, 26251751
List the prime factors of 4339436710.
2, 5, 7, 83, 746891
What are the prime factors of 9329372748?
2, 3, 31, 2786551
List the prime factors of 81778251.
3, 37, 736741
List the prime factors of 5599135643.
2213, 2530111
What are the prime factors of 2319875855?
5, 11, 31, 1360631
List the prime factors of 28258534.
2, 131, 107857
What are the prime factors of 4807444006?
2, 2403722003
List the prime factors of 15995991.
3, 11, 484727
What are the prime factors of 1580805000?
2, 3, 5, 35129
List the prime factors of 114987348.
2, 3, 7, 191, 2389
What are the prime factors of 41276792?
2, 229, 22531
List the prime factors of 910148014.
2, 455074007
What are the prime factors of 64672729?
11, 5879339
List the prime factors of 53501376.
2, 3, 67, 4159
What are the prime factors of 116724800?
2, 5, 72953
List the prime factors of 106750503.
3, 11861167
What are the prime factors of 469077750?
2, 3, 5, 69493
What are the prime factors of 5692141?
7, 13, 71, 881
List the prime factors of 86608605.
3, 5, 41, 140827
What are the prime factors of 199249290?
2, 3, 5, 67, 173, 191
What are the prime factors of 789137969?
789137969
List the prime factors of 45194226.
2, 3, 7, 11, 8893
What are the prime factors of 2183487741?
3, 61, 3977209
What are the prime factors of 31506416?
2, 31, 63521
List the prime factors of 977572366.
2, 488786183
List the prime factors of 235601773.
11, 43, 498101
What are the prime factors of 1038181963?
7, 13, 113, 14423
List the prime factors of 81335774.
2, 13, 23, 136013
List the prime factors of 19960220.
2, 5, 7, 142573
List the prime factors of 1073797299.
3, 17, 739, 9497
What are the prime factors of 32221407?
3, 29, 383, 967
What are the prime factors of 75922872?
2, 3, 3163453
What are the prime factors of 740749283?
740749283
What are the prime factors of 9893153571?
3, 7, 59, 7984789
List the prime factors of 191702905.
5, 29, 1322089
What are the prime factors of 1582231365?
3, 5, 11, 13, 19, 12941
List the prime factors of 10387635.
3, 5, 31, 89, 251
List the prime factors of 166579717.
6221, 26777
What are the prime factors of 820782187?
820782187
List the prime factors of 4507700984.
2, 563462623
What are the prime factors of 11796078?
2, 3, 7, 280859
List the prime factors of 2050779692.
2, 13, 39438071
What are the prime factors of 113597060?
2, 5, 17, 29, 41, 281
List the prime factors of 73061991.
3, 29, 157, 1783
What are the prime factors of 1756315327?
13, 3137, 43067
List the prime factors of 783006178.
2, 43, 9104723
List the prime factors of 1947305917.
1947305917
List the prime factors of 91859841.
3, 149, 68501
List the prime factors of 252212257.
11, 22928387
List the prime factors of 659041681.
67, 2953, 3331
What are the prime factors of 213585466?
2, 71, 137, 10979
List the prime factors of 2138499334.
2, 1069249667
List the prime factors of 833410187.
653, 1276279
List the prime factors of 1228594751.
661, 1858691
List the prime factors of 73395915.
3, 5, 1301, 3761
What are the prime factors of 2673224153?
7529, 355057
What are the prime factors of 32416331?
17, 1906843
What are the prime factors of 147652646?
2, 4363, 16921
List the prime factors of 123558767.
19, 6503093
What are the prime factors of 670471215?
3, 5, 47, 951023
What are the prime factors of 201750636?
2, 3, 397, 42349
What are the prime factors of 6018091?
89, 67619
What are the prime factors of 3327930015?
3, 5, 221862001
List the prime factors of 1511476651.
67, 4493, 5021
List the prime factors of 558026999.
239, 2334841
List the prime factors of 103772696.
2, 2179, 5953
What are the prime factors of 23121244?
2, 907, 6373
List the prime factors of 2710796969.
71, 211, 180949
What are the prime factors of 20191534?
2, 11, 569, 1613
List the prime factors of 44652922.
2, 131, 1301
What are the prime factors of 99310535?
5, 3797, 5231
What are the prime factors of 1848921947?
97, 19061051
What are the prime factors of 550851042?
2, 3, 7, 37, 79, 641
List the prime factors of 55610708.
2, 13902677
What are the prime factors of 29786494?
2, 3671, 4057
What are the prime factors of 139099454?
2, 13, 53, 100943
What are the prime factors of 238257315?
3, 5, 337, 5237
What are the prime factors of 2965269148?
2, 741317287
List the prime factors of 3116488835.
5, 623297767
List the prime factors of 143264575.
5, 2003, 2861
List the prime factors of 14914220.
2, 5, 745711
What are the prime factors of 77869845?
3, 5, 1730441
List the prime factors of 1349342708.
2, 7, 48190811
What are the prime factors of 48380119?
31, 83, 18803
List the prime factors of 5911101646.
2, 349, 8468627
What are the prime factors of 455202192?
2, 3, 227, 41777
What are the prime factors of 30391624?
2, 3798953
List the prime factors of 3324429.
3, 123127
What are the prime factors of 5986462?
2, 79, 37889
List the prime factors of 41742631.
7, 23, 259271
What are the prime factors of 4947371345?
5, 7, 761, 185747
What are the prime factors of 7618893791?
17, 448170223
What are the prime factors of 22794379?
1031, 22109
List the prime factors of 135380346.
2, 3, 23, 981017
What are the prime factors of 425629347?
3, 11, 13, 73, 13591
List the prime factors of 58934468.
2, 14733617
What are the prime factors of 37135118?
2, 3923, 4733
What are the prime factors of 5380605313?
131, 41073323
List the prime factors of 1158437283.
3, 4229, 91309
What are the prime factors of 120475659?
3, 241, 281, 593
What are the prime factors of 50690788?
2, 12672697
List the prime factors of 90955642.
2, 1051, 43271
List the prime factors of 5155027972.
2, 67, 19235179
What are the prime factors of 30574856?
2, 13, 293989
List the prime factors of 40642093.
73, 556741
What are the prime factors of 728866731?
3, 242955577
What are the prime factors of 33798301?
43, 421, 1867
What are the prime factors of 22225175?
5, 7, 18143
List the prime factors of 39604850.
2, 5, 23, 34439
List the prime factors of 47198938.
2, 53, 59, 7547
List the prime factors